-22 - 2. Calculate the highest common divisor of j and d.
12
Let n(i) = -i**3 - 5*i**2 - 7*i - 6. Let b be n(-4). Let t = -4 + b. Suppose -a + 45 = t*a. Calculate the greatest common factor of a and 120.
15
Suppose 6*x = 5*x + p + 5, -31 = -3*x - 5*p. What is the greatest common factor of 49 and x?
7
Let w = -3 + 6. Let v(h) = -h**2 + 6*h - 4. Let l(b) = b + 1. Let j(a) = 2*l(a) + v(a). Let o be j(w). What is the highest common factor of 65 and o?
13
Suppose 0 = -2*j - 4*r + 14, -3*r + 21 = -2*j - 0*r. Let x = 1 - j. Let k = -4 - -8. What is the highest common factor of x and k?
4
Let x be (-8 + -619)*2/6*-1. Calculate the greatest common divisor of 19 and x.
19
Suppose 5*h - 285 = 3*j, h - 45 = -0*j + 3*j. Let n = h - 32. Suppose -4 = -2*b + 3*f + 2*f, -4*b + 5*f = -n. What is the greatest common factor of b and 132?
12
Suppose -3*b = m - 2*m - 4, 0 = -3*b - 2*m + 19. Suppose n - 24 = -b*n. Calculate the greatest common divisor of n and 6.
6
Let c = -85 - -148. Calculate the greatest common factor of c and 27.
9
Let q be (10/3)/(6/27). Let x = -103 - -217. Let k = 174 - x. What is the greatest common factor of k and q?
15
Suppose 9 = 5*q - 2*q. Suppose p = q*p - 64. What is the greatest common factor of 80 and p?
16
Let s(w) = w**2 + 6*w + 3. Let y be s(5). Calculate the greatest common divisor of y and 29.
29
Suppose -18*x - 6 = -78. What is the greatest common divisor of x and 60?
4
Let n = -24 + 46. Calculate the greatest common factor of 33 and n.
11
Suppose -2*l = -2*b - 8, -2*l - 4*b + b + 23 = 0. Suppose -n + 65 = -l. Calculate the highest common divisor of n and 48.
24
Suppose -l + 0*y = -2*y + 308, 5*l - 5*y + 1535 = 0. Let o be (33/2 - -2)*-10. Let d = o - l. Calculate the greatest common factor of 11 and d.
11
Let q = 0 - -3. Suppose -5*z = -6*z - q. Let p be (-4 + z)*(-1 - 0). What is the greatest common divisor of p and 14?
7
Suppose -b + 21 = -9. Calculate the greatest common divisor of b and 45.
15
Let l be -4 + -3 + 8 + 10. What is the highest common factor of 1 and l?
1
Let o be 1 - -17 - 0/2. Let w be 2*(1 + (-1)/(-1)). Suppose -w*c + 4*y = -772, 0 = -0*c + 4*c + y - 797. Calculate the highest common divisor of o and c.
18
Suppose 0 = -4*f + j + 40, 2*f - 3*j = j + 6. Let c(t) = t**2 - 9*t + 8. Let s be c(8). Suppose s*n = -2*n + 198. What is the greatest common factor of f and n?
11
Let y be (-3)/6 - 11*(-22)/4. Let b = 75 + -51. Calculate the highest common factor of y and b.
12
Let h = -9 - -21. What is the greatest common divisor of 12 and h?
12
Suppose 4*m = -15 - 1. Let j = 24 + m. Suppose -g - 4*k + j = 3*g, 7 = -g + 5*k. Calculate the greatest common divisor of 21 and g.
3
Suppose 0 = 8*d - 9*d + 28. What is the greatest common divisor of d and 7?
7
Suppose 0 = 5*u - 6*u + 50. Calculate the greatest common divisor of u and 75.
25
Suppose j - 15 = 15. What is the greatest common divisor of j and 20?
10
Let s(y) = y - 5. Let v(q) = 3*q - 11. Let p(h) = 5*s(h) - 2*v(h). Let o be p(-8). What is the highest common factor of o and 45?
5
Let t(c) = c**3 - 5*c**2 - 4*c - 6. Let m be t(6). Suppose -4*n = -2*p, 18 = 2*p + m*n - n. Calculate the greatest common divisor of 20 and p.
4
Let q(y) = 2*y**2 + 4*y + 8. Let l be q(-6). Calculate the highest common factor of l and 7.
7
Let b = -97 - -160. What is the greatest common factor of b and 42?
21
Suppose -4*y - 15 + 167 = 0. What is the greatest common factor of y and 57?
19
Let i = 110 + -104. Calculate the highest common factor of i and 21.
3
Let z(v) be the third derivative of 5*v**4/12 - 5*v**3/6 + 7*v**2. Let w be z(2). Calculate the greatest common divisor of 15 and w.
15
Let p be 62/3 + (-11)/(-33). Let a be p/(-28)*(0 + -24). What is the highest common divisor of 18 and a?
18
Let p be (-2)/3*(-51)/2. Let q(d) = -d**3 - 12*d**2 + 38*d + 31. Let o be q(-15). What is the highest common divisor of p and o?
17
Let l(v) = v**3 - 7*v**2 - 8*v + 2. Let m be l(8). Suppose -z = -m*z + 36. Suppose -2*r = -4*r + z. What is the greatest common factor of r and 9?
9
Let a = 12 + -8. Let o(s) = s**3 + 2*s**2 - 3*s - 4. Let i be o(a). Let t(g) = 9*g + 1. Let w be t(1). Calculate the highest common factor of i and w.
10
Let j be (0 - 327/(-9)) + (-14)/(-21). What is the highest common factor of 37 and j?
37
Let v = 2 + 1. Let k(j) = -j**2 + 33*j - 56. Let u be k(31). Calculate the greatest common divisor of v and u.
3
Let j(g) = g**3 - 3*g**2 + 6*g. Let t be j(5). Suppose -6*x + 3*x + 90 = 0. Let y = t - x. Calculate the highest common divisor of y and 10.
10
Let w be 0 + 14 + 2 + -2. Let q be (21/5)/((3/30)/1). Calculate the greatest common divisor of w and q.
14
Suppose -3*f - 5*h = -f - 87, 5*f - h = 258. Suppose -4*p + f = 11. Calculate the highest common factor of p and 20.
10
Let z(v) = -2*v - 2. Let p be z(-9). Calculate the highest common factor of 16 and p.
16
Let u(t) = -2*t**2 - 1. Let q be u(1). Let i be (-8)/q*15/1. Calculate the greatest common factor of 10 and i.
10
Suppose 6*z - 3*z = 0, 5*m + 5*z = 60. What is the highest common divisor of 4 and m?
4
Suppose a + 20 = 4*g + 3*a, 0 = g - 3*a + 9. Let m = g + -1. Let n = 0 - -4. What is the greatest common factor of m and n?
2
Let w = 5 - 3. Suppose -2*k + 6 = -0, 2*t - 32 = -4*k. Calculate the highest common factor of w and t.
2
Let u(p) = -p**3 - p**2 + p + 3. Let w be u(0). Let l = -42 + 64. Suppose -4*b + l = -2. What is the greatest common factor of w and b?
3
Let r be (0 + 2)*1*(1 - -6). Calculate the highest common factor of 154 and r.
14
Suppose y + 0*y + 5 = 0. Let q be (-3)/(((-5)/(-2))/y). Suppose 17 = -4*s + 5*w, -s - 3*w + q + 11 = 0. What is the highest common divisor of s and 2?
2
Let w(v) = -3*v + 1. Let m be w(-7). Calculate the greatest common divisor of m and 11.
11
Let i(t) = -t**2 - 9*t + 13. Let f be i(-10). What is the highest common factor of 6 and f?
3
Let t = -32 + 37. What is the greatest common divisor of 15 and t?
5
Let w(g) = g**3 + 5*g**2 - g + 6. Let b(z) = z**2 - 9*z - 5. Let r be b(9). Let j be w(r). What is the greatest common divisor of j and 44?
11
Let s = 22 + -14. Let u(t) = -t**3 + 2*t + 2. Let a be u(-2). Let i be 8/(-6)*a/(-4). What is the highest common divisor of i and s?
2
Suppose 3*t = -4*u + 39, 0 = -2*t - 2*u + 3*u + 37. Let z(h) = -13*h - 48. Let r be z(-5). Calculate the greatest common factor of t and r.
17
Let a be (4/(-2))/(-6)*6. Let j(i) = -4 + 3*i + 2*i**a - 4*i - 9*i. Let h be j(8). Calculate the greatest common divisor of h and 11.
11
Suppose 0 = -5*g, 4*c + 0*g + 5*g + 4 = 0. Let p be 4 + c + 2 + -3. Let k be ((-1)/p)/((-2)/40). Calculate the greatest common factor of k and 90.
10
Let q = 138 + -133. What is the highest common divisor of q and 60?
5
Let h(a) = 8*a - 16. Let p be h(5). What is the highest common factor of p and 48?
24
Let i = 49 + 16. Suppose 0 = 2*v + 10, -5*q - v + i = -6*v. What is the greatest common factor of 56 and q?
8
Suppose l + 2 = 5. Suppose -l*h + 16 = 1. What is the highest common factor of h and 10?
5
Suppose -5*m + 2*m + 99 = 0. Let c(w) = -w**3 - 5*w**2 - 3*w + 4. Let k be c(-3). Let o be -4 - (k - -2) - -12. What is the highest common divisor of m and o?
11
Let t(g) = -g**3 + 2*g**2 + 2*g + 1. Let a be t(-2). Suppose -6*o = -7 - 71. Calculate the greatest common divisor of a and o.
13
Suppose 4*z + 308 = 8*z. What is the highest common divisor of z and 7?
7
Let s(l) = 10*l**2 - l. Let v be s(1). Let d be (432/(-28))/9*-42. What is the highest common factor of v and d?
9
Let l = -19 + 31. What is the greatest common factor of l and 60?
12
Let n be (0/2 + 0)/(-2). Suppose k - 5*k - 16 = y, -3*k - 12 = n. Let a be y + -4*50/(-4). What is the highest common factor of a and 20?
10
Let z = -1 + 1. Suppose 3*o = 6, 50 = -4*b - 5*o - z*o. Let d be 5/(b/126)*-1. Calculate the highest common factor of 6 and d.
6
Let w = 16 - -19. Calculate the greatest common divisor of 70 and w.
35
Let a(o) = -o**3 + o - 3. Let x be a(0). Let v be 1/3*x/(-1). What is the greatest common factor of 6 and v?
1
Suppose 0*s - 178 = 2*s. Let d = s + 154. Calculate the greatest common factor of d and 26.
13
Suppose 3*k = m - 7, -1 = 3*k + 8. Let w(s) = -4*s**3 - 2*s**2 - 3*s. Let a be w(m). Calculate the highest common divisor of a and 6.
6
Suppose 0 = -4*f + 6